be f(13). What is the greatest common factor of s and 42?
14
Let b(z) = 4*z**2 - 1. Suppose -2*i + 0*i + 3*l = -35, -i + 2*l + 16 = 0. Let o = -17 + i. Let a be b(o). What is the greatest common factor of a and 9?
9
Let k = -98 + 148. Suppose -5*i + 5*v + 95 = -0*i, 3*i = -v + 81. What is the highest common factor of i and k?
25
Let x(w) = 44*w - 2. Let y be x(3). Suppose -t - 30 = -35. Suppose 70 = 3*j - 4*l, t*j - 136 = -2*l - l. What is the highest common divisor of j and y?
26
Suppose -3 + 0 = -i. Suppose 12*m - 378 = i*m. Calculate the highest common factor of 28 and m.
14
Suppose -249 = -9*z + 264. Calculate the greatest common divisor of 57 and z.
57
Let u(y) = -y**3 - 47*y**2 - 314*y - 62. Let k be u(-39). What is the highest common factor of k and 2056?
8
Suppose 19*y + 3*y - 1584 = 0. What is the highest common divisor of y and 384?
24
Suppose -90 = -8*s - 10. Let w(z) = z + 4. Let d be w(s). What is the highest common divisor of 28 and d?
14
Suppose 4*j - 32 = -4*y, -52 = -5*j - 3*y + y. Let r = -1926 - -1944. What is the greatest common divisor of r and j?
6
Let k(y) = -y**3 - 3*y**2 - 17. Suppose 8 + 7 = -3*x. Let j be k(x). Calculate the highest common divisor of 99 and j.
33
Suppose x - 4 + 0 = 0, 5*k + 3*x = 37. Suppose k*j - 24 = 21. Calculate the highest common divisor of 27 and j.
9
Suppose -3167 - 853 = -12*f. What is the highest common factor of f and 134?
67
Let s = -4 - -28. Let l(n) = 19*n - 32. Let h be l(8). Calculate the greatest common divisor of s and h.
24
Suppose 5*i - 149 = -59. What is the highest common divisor of i and 258?
6
Suppose 5*x - 3*c = 94, 10*c - 6*c = -x + 28. What is the greatest common factor of 50 and x?
10
Let t = -18 + 23. Suppose 4*p = -0*k - 2*k + 6, 0 = -t*k + 2*p + 27. Let n be 0 - -5*(k + -3). What is the greatest common divisor of n and 70?
10
Suppose f - j - 10 = 3*j, -j - 41 = -3*f. Suppose -f*x = -11*x - 45. Calculate the greatest common factor of 45 and x.
15
Suppose 6*h = 3*h + 2592. What is the highest common divisor of 9 and h?
9
Suppose 0*p + 4*t + 488 = 3*p, 0 = 2*t + 4. What is the highest common divisor of 96 and p?
32
Suppose -139 = -6*j - 43. Calculate the greatest common factor of 208 and j.
16
Suppose -3*w - w + 4 = 0. Suppose -k - 9 - 4 = 0. Let g = w - k. Calculate the highest common factor of 2 and g.
2
Suppose 11*w - 16*w + 25 = 0. Suppose -5*h = 3*r - 4*r + 251, 5*r + w*h = 1135. What is the greatest common factor of 33 and r?
33
Let g(l) = -l**2 + 43*l - 14. Let w be g(38). Calculate the highest common factor of w and 11.
11
Suppose 794*v + 39 = 797*v. What is the greatest common divisor of v and 1755?
13
Suppose -3*z + 240 = z. Suppose -z = -5*t - 15. What is the greatest common factor of t and 72?
9
Let o(j) be the third derivative of -j**6/60 - j**5/12 - j**4/4 + 16*j**2. Let c be o(-2). Calculate the highest common divisor of 168 and c.
8
Suppose 3*p = 5*x + 1145, -p = -4*p - 3*x + 1185. Calculate the highest common divisor of 312 and p.
78
Suppose 0 = 4*b - 4*l - 40, 9*b - 25 = 7*b + l. Let j(u) = u + 2. Let w be j(4). Let c be w/9 + 223/3. Calculate the highest common factor of b and c.
15
Let o be 5/(20/28) - 3040/(-19). Calculate the highest common divisor of o and 1.
1
Suppose 2*x + 4*w = 684, 0*x - 4*w - 342 = -x. What is the greatest common factor of 38 and x?
38
Let j be 369/4 + (-8)/32 + -1. Let i = j - 77. What is the highest common divisor of i and 98?
14
Let b = 1506 + -1183. What is the greatest common divisor of 76 and b?
19
Let w = -729 - -765. What is the greatest common divisor of w and 1116?
36
Let u = -5 + 9. Let h be ((-2)/5)/((-2)/(-110)). Let q = -6 - h. Calculate the highest common factor of u and q.
4
Let h = -94 - -314. Calculate the highest common divisor of h and 10.
10
Suppose -561 = -67*z + 50*z. Calculate the highest common factor of z and 132.
33
Let b = -34 - -39. Let x be (9/b)/((-6)/(-60)). What is the highest common factor of x and 162?
18
Suppose 4*j + 17 = 241. Let x be j*(15/(-6) + 3). Calculate the greatest common divisor of x and 21.
7
Suppose l - 11 = -o - 17, 3 = 2*l - 3*o. Let y be ((-2)/(-6))/((-8)/3 - l). Calculate the greatest common divisor of y and 4.
1
Suppose -20*m + 715 = -7*m. Calculate the greatest common divisor of 33 and m.
11
Suppose -9602 = -4*z - j, 0 = 3*z - 0*z - 4*j - 7192. What is the highest common divisor of z and 75?
75
Suppose 998 - 968 = 15*v. Calculate the highest common factor of 410 and v.
2
Let d = -3 + 12. Suppose 0 = -3*t + d, -33 = -2*k - 3*t - 2*t. Let a = -717 - -720. What is the highest common divisor of k and a?
3
Suppose 48*s - 50*s + 1024 = 0. Calculate the greatest common factor of s and 32.
32
Let b be (6/7 - 0) + 6496/196. Calculate the highest common factor of 646 and b.
34
Suppose -z = 4*q - 10, 5*z + 0*q = -3*q - 1. Let b(y) = 2*y + 6. Let s be b(z). What is the highest common factor of 2 and s?
2
Suppose 0*j - 268 = j. Let c = 57 - j. Suppose -3*a + c = 2*a. What is the greatest common divisor of a and 26?
13
Suppose -18*o + 23*o = 0. Suppose 4*v - 3*v - 5*b - 228 = o, -5*b = -15. Calculate the greatest common divisor of v and 27.
27
Let k(p) = -p**2 - 27*p - 69. Let y be k(-15). Calculate the greatest common divisor of 37 and y.
37
Suppose 0 = 10*a + 17*a - 405. Calculate the greatest common divisor of 5 and a.
5
Let s be -1 + 1 - (-127 + -1). Let b be -5*11/((-33)/3). Suppose 6*o - b*o = s. What is the greatest common factor of 16 and o?
16
Let r(a) be the second derivative of -a**3/6 + 21*a**2/2 - 18*a. Let l be r(17). What is the greatest common divisor of l and 6?
2
Suppose -168 + 25 = -j. Calculate the greatest common factor of j and 11.
11
Let v be 119 + (2 - (13 - 2)). What is the highest common factor of 90 and v?
10
Suppose m = 5*j - 41, -3*j + 29 = 2*m - 6. Let o = 21 - j. Calculate the greatest common factor of 3 and o.
3
Let u(w) = 44*w**3 + w**2 + 43*w**3 - 88*w**3 + w**2 + 16*w. Let o be u(5). Calculate the greatest common factor of 20 and o.
5
Suppose 2 = -3*f + 17. Suppose -o + 5 = g - f, -3*g = 2*o - 25. What is the highest common factor of 15 and g?
5
Let j(d) = 27*d - 66. Let p be j(3). What is the highest common divisor of 255 and p?
15
Let j = -998 + 1460. What is the greatest common divisor of 14 and j?
14
Let m be (-9685)/(-26)*(244/20 + 1). What is the greatest common factor of m and 11?
11
Let t be 18*9*6/324. Calculate the highest common factor of 1 and t.
1
Suppose 15*g - 10*g = 4*c - 118, 4*c = -4*g + 136. Suppose 2*y - 73 = 87. What is the highest common divisor of y and c?
16
Suppose -5*t = 464 - 644. Calculate the highest common factor of 99 and t.
9
Let l = -1533 + 1617. What is the greatest common factor of 399 and l?
21
Let i be -2*1*(3 + (-2655)/10). Calculate the greatest common divisor of 21 and i.
21
Let h(u) = u**2 - 11*u - 57. Let p be h(-10). What is the greatest common factor of 408 and p?
51
Suppose -2*m = 2*m + 5*p - 65, -5*m = -2*p - 40. Let o = 23 - 55. Let f be 30/8*o/(-6). What is the highest common divisor of f and m?
10
Suppose -h - 41*z = -42*z - 41, 2*h = -3*z + 102. What is the highest common factor of h and 144?
9
Let x(v) = v**3 + 6*v**2 - 9*v - 58. Let d be x(-5). Calculate the highest common factor of d and 516.
12
Suppose 4*x - 44 = -2*d, -4 + 2 = d. Suppose -32 = 4*j - x, 0 = -2*v + 3*j + 23. Calculate the greatest common divisor of v and 4.
4
Let s(t) = -t**3 + 10*t**2 - 17*t + 10. Let y be s(8). Suppose y*j + 3*b = -0 + 3, j - 3 = -b. What is the highest common factor of 2 and j?
2
Let n = 64 - 39. Let o be (-111)/(-7) + ((-45)/(-21) - 3). Calculate the highest common factor of n and o.
5
Suppose 0 = -65*g + 60*g + 3185. Calculate the greatest common divisor of g and 49.
49
Suppose -f = -86 - 162. What is the highest common divisor of 31 and f?
31
Let z be (4/14)/((-3)/(-42)). Calculate the highest common factor of z and 108.
4
Let g = 7 + -8. Let l(j) = -16*j**3 + 2*j**2 - j - 2. Let w be l(g). Calculate the greatest common divisor of w and 136.
17
Suppose 237 - 489 = -12*q. Suppose 3*x - 3 = 2*w + 6*x, -4*w + 3*x = -3. Suppose w*o + 4*o = 28. Calculate the highest common divisor of q and o.
7
Suppose -4*a + 4 = -24. Suppose -324 = 5*d - 29. Let f = d + 66. What is the greatest common factor of f and a?
7
Let w